he remainder when 64368511 is divided by 1060?
11
What is the remainder when 235859 is divided by 117890?
79
Calculate the remainder when 161347 is divided by 1188.
967
What is the remainder when 23554100 is divided by 842?
834
What is the remainder when 4673696 is divided by 359513?
27
Calculate the remainder when 173586 is divided by 453.
87
What is the remainder when 372 is divided by 3?
0
Calculate the remainder when 1152260 is divided by 495.
395
Calculate the remainder when 288653 is divided by 6891.
6122
Calculate the remainder when 1104061 is divided by 85.
81
Calculate the remainder when 12706635 is divided by 128.
75
Calculate the remainder when 44392 is divided by 245.
47
Calculate the remainder when 81258 is divided by 3660.
738
Calculate the remainder when 9390208 is divided by 7.
2
Calculate the remainder when 90572819 is divided by 7424.
19
What is the remainder when 205849 is divided by 25704?
217
What is the remainder when 20538005 is divided by 154421?
12
What is the remainder when 190584 is divided by 94572?
1440
What is the remainder when 2849354 is divided by 45?
44
Calculate the remainder when 49049230 is divided by 16349742.
4
Calculate the remainder when 351279 is divided by 110.
49
What is the remainder when 359006047 is divided by 1497?
1495
Calculate the remainder when 75179953 is divided by 5989.
36
What is the remainder when 95745 is divided by 1129?
909
What is the remainder when 16146260 is divided by 206?
186
Calculate the remainder when 1358132 is divided by 18604.
40
Calculate the remainder when 34319995 is divided by 4160.
4155
Calculate the remainder when 12153872 is divided by 36.
20
Calculate the remainder when 1212614 is divided by 1212584.
30
What is the remainder when 32737836 is divided by 8184451?
32
What is the remainder when 79125685 is divided by 95?
90
What is the remainder when 749093 is divided by 1730?
3
Calculate the remainder when 466253 is divided by 763.
60
What is the remainder when 3096440 is divided by 2074?
2032
What is the remainder when 653490 is divided by 326745?
0
What is the remainder when 10000843 is divided by 682?
677
What is the remainder when 19529 is divided by 9026?
1477
What is the remainder when 907383 is divided by 8560?
23
What is the remainder when 736985 is divided by 295?
75
What is the remainder when 70031073 is divided by 1556246?
3
What is the remainder when 127389 is divided by 31721?
505
What is the remainder when 17951 is divided by 4477?
43
Calculate the remainder when 7036671 is divided by 1413.
1344
What is the remainder when 197998464 is divided by 67?
64
What is the remainder when 822557 is divided by 407?
10
Calculate the remainder when 11158 is divided by 10999.
159
What is the remainder when 810925 is divided by 20272?
45
What is the remainder when 638721 is divided by 6?
3
What is the remainder when 735698 is divided by 170?
108
Calculate the remainder when 725867 is divided by 2814.
2669
What is the remainder when 184139 is divided by 665?
599
Calculate the remainder when 87175 is divided by 5038.
1529
Calculate the remainder when 312787 is divided by 272.
259
Calculate the remainder when 16497858 is divided by 4252.
98
What is the remainder when 507452507 is divided by 18?
17
What is the remainder when 5918076 is divided by 4969?
4966
Calculate the remainder when 46052 is divided by 22722.
608
Calculate the remainder when 49039407 is divided by 35.
32
Calculate the remainder when 174410 is divided by 86.
2
Calculate the remainder when 1272258 is divided by 97.
6
Calculate the remainder when 199961 is divided by 99854.
253
Calculate the remainder when 199931 is divided by 199880.
51
Calculate the remainder when 3298918 is divided by 305.
38
What is the remainder when 382364 is divided by 127060?
1184
What is the remainder when 49009314 is divided by 18656?
2
Calculate the remainder when 32976 is divided by 32803.
173
What is the remainder when 10608294 is divided by 5488?
5478
What is the remainder when 8890911 is divided by 6069?
5895
What is the remainder when 2081595 is divided by 32524?
59
What is the remainder when 65472 is divided by 236?
100
What is the remainder when 524461651 is divided by 52?
51
Calculate the remainder when 224236 is divided by 74738.
22
Calculate the remainder when 8836983 is divided by 285.
273
What is the remainder when 45526305 is divided by 4254?
4251
What is the remainder when 33896 is divided by 33550?
346
Calculate the remainder when 109972 is divided by 219.
34
Calculate the remainder when 16096140 is divided by 151.
144
Calculate the remainder when 6149806 is divided by 835.
31
What is the remainder when 1949262 is divided by 3390?
12
Calculate the remainder when 63016 is divided by 24.
16
What is the remainder when 3303792 is divided by 1651896?
0
Calculate the remainder when 1886068 is divided by 22994.
560
Calculate the remainder when 97394042 is divided by 90.
2
Calculate the remainder when 134931 is divided by 2840.
1451
Calculate the remainder when 25033304 is divided by 154.
142
Calculate the remainder when 113648 is divided by 113296.
352
What is the remainder when 4961 is divided by 1458?
587
Calculate the remainder when 3799796 is divided by 135.
86
What is the remainder when 465410 is divided by 111?
98
What is the remainder when 6107411 is divided by 99?
2
Calculate the remainder when 49595 is divided by 3346.
2751
Calculate the remainder when 737965 is divided by 7308.
7165
Calculate the remainder when 436906 is divided by 15064.
50
Calculate the remainder when 271014 is divided by 27100.
14
Calculate the remainder when 7407702 is divided by 7914.
198
What is the remainder when 9815718 is divided by 1547?
3
Calculate the remainder when 2689210 is divided by 2733.
2671
What is the remainder when 27914 is divided by 2785?
64
What is the remainder when 39191 is divided by 1455?
1361
Calculate the remainder when 144165 is divided by 143933.
232
Calculate the remainder when 20946747 is divided by 66.
63
Calculate the remainder when 13433715 is divided by 283.
271
Calculate the remainder when 4065762 is divided by 6687.
66
Calculate the remainder when 705039 is divided by 117263.
1461
What is the remainder when 7027945 is divided by 76?
73
Calculate the remainder when 12432849 is divided by 492.
9
What is the remainder when 34041754 is divided by 362?
360
Calculate the remainder when 759427 is divided by 6.
1
What is the remainder when 1675604 is divided by 642?
626
Calculate the remainder when 1865212 is divided by 96.
28
What is the remainder when 1175008 is divided by 1759?
1755
Calculate the remainder when 217964324 is divided by 27.
20
What is the remainder when 48657 is divided by 6023?
473
What is the remainder when 41247589 is divided by 5155947?
13
What is the remainder when 12559076 is divided by 4452?
4436
Calculate the remainder when 316824 is divided by 85.
29
Calculate the remainder when 102524250 is divided by 7.
3
Calculate the remainder when 19617 is divided by 3915.
42
Calculate the remainder when 4169871 is divided by 1693.
12
What is the remainder when 219075 is divided by 464?
67
What is the remainder when 329510 is divided by 173?
118
What is the remainder when 256011 is divided by 3282?
15
Calculate the remainder when 6731422 is divided by 36.
34
What is the remainder when 3623379 is divided by 5119?
4246
What is the remainder when 137297 is divided by 261?
11
What is the remainder when 3988684 is divided by 1586?
1480
Calculate the remainder when 63125360 is divided by 155.
60
Calculate the remainder when 4085444 is divided by 511.
510
Calculate the remainder when 870959 is divided by 51198.
593
What is the remainder when 131439 is divided by 226?
133
What is the remainder when 918 is divided by 569?
349
Calculate the remainder when 672429 is divided by 51.
45
What is the remainder when 228055780 is divided by 51?
49
Calculate the remainder when 16707146 is divided by 38.
28
What is the remainder when 587114 is divided by 292992?
1130
Calculate the remainder when 3587484 is divided by 1362.
1338
Calculate the remainder when 77333354 is divided by 2990.
2984
What is the remainder when 486615 is divided by 243307?
1
Calculate the remainder when 497034 is divided by 427.
6
What is t